3 + 2284*s**2 - 4573*s - 9. What is x(2)?
141
Let u(k) = -32086*k - 1219259. Calculate u(-38).
9
Let t(h) = 33*h**3 - 379*h**2 - 209*h + 42. Give t(12).
-18
Let g(n) = n**2 + 9059*n + 1257423. Give g(-141).
-15
Let i(d) = 12*d**2 - 150*d + 363. What is i(3)?
21
Let x(o) = -12*o**2 - 369*o - 405. What is x(-29)?
204
Let l(b) = 1553*b + 98. Determine l(0).
98
Let m(r) = 27*r**2 + 1537*r + 7594. What is m(-5)?
584
Let a(l) = -l**2 - 987*l - 128. Give a(0).
-128
Let w(c) = -19*c**3 - 49*c**2 + 57*c + 104. Give w(-3).
5
Let y(r) = 2*r**2 + 674*r + 23243. What is y(-39)?
-1
Let j(r) = 122*r - 32547. Calculate j(280).
1613
Let b(r) = 242678*r + 2184034. Calculate b(-9).
-68
Let c(q) = -3*q**3 - 692*q**2 + 115*q - 26803. Give c(-231).
-7
Let f(k) = k**3 + 158*k**2 + 3533*k - 491. What is f(-131)?
33
Let f(g) = 214*g + 3048. What is f(-15)?
-162
Let g(b) = 3*b**3 + 1074*b**2 + 1112*b + 14868. Determine g(-357).
231
Let w(y) = -225563*y - 2030060. Determine w(-9).
7
Let q(d) = 2*d**3 + 94*d**2 - 32*d + 55. Calculate q(-47).
1559
Let m(y) = 5*y**3 - 2050*y**2 + 2*y - 1745. Calculate m(410).
-925
Let m(n) = -n**3 - 29*n**2 - 25*n - 296. What is m(-31)?
2401
Let u(h) = -h**3 + 10*h**2 - 30*h + 242. Determine u(9).
53
Let u(f) = 8*f**2 + 3507*f - 9685. Give u(-441).
-424
Let p(h) = 53248*h + 5750783. Give p(-108).
-1
Let v(z) = 180681*z + 903368. Calculate v(-5).
-37
Let q(a) = 10913*a - 43651. Calculate q(4).
1
Let j(c) = -3*c**2 + 235*c + 998. What is j(-4)?
10
Let c(a) = 2770*a - 113520. Calculate c(41).
50
Let q(d) = -10176*d + 539329. What is q(53)?
1
Let f(w) = -w**3 - 102*w**2 + 537*w + 671. Determine f(-107).
457
Let y(n) = -n**3 - 31*n**2 + 137*n + 802. Calculate y(-34).
-388
Let t(w) = 19213*w + 268983. Give t(-14).
1
Let w(s) = 121*s - 30669. Give w(254).
65
Let f(u) = 3*u**2 + 97*u + 1231. Determine f(-14).
461
Let z(t) = -t**2 - 3159*t + 1672899. Determine z(462).
-3
Let h(j) = -2*j**3 - 166*j**2 + 2075*j + 664. Give h(-94).
6
Let u(o) = 28204*o + 169201. Determine u(-6).
-23
Let w(m) = 2*m**2 + 23*m + 355. Give w(0).
355
Let a(m) = -m**3 - 76*m**2 + 148*m + 247. Calculate a(-78).
871
Let q(h) = -9*h**2 + 150*h + 759. What is q(28)?
-2097
Let l(g) = -110*g + 3507. Calculate l(41).
-1003
Let u(j) = -2*j**2 - 1711*j - 83564. Calculate u(-52).
0
Let n(r) = 38098*r + 224. Determine n(0).
224
Let z(t) = -4*t**2 + 869*t - 4225. Determine z(5).
20
Let q(x) = -3510*x + 129850. What is q(37)?
-20
Let h(m) = -17*m**3 - 21*m**2 + 31*m + 3. What is h(3)?
-552
Let k(w) = w**3 - 1354*w**2 + 316952*w + 1056. Determine k(1053).
3
Let z(m) = -5*m**3 - 14*m**2 + 118*m + 421. Calculate z(-4).
45
Let d(u) = u**2 + 49*u + 555. Calculate d(-41).
227
Let o(x) = -3*x**2 - 920*x + 17886. Determine o(-325).
11
Let g(y) = -y**3 - 15*y**2 + 106*y + 604. Calculate g(-4).
4
Let c(m) = 3430*m + 181787. What is c(-53)?
-3
Let n(o) = 302*o**3 - 5*o**2 + 52*o - 46. What is n(1)?
303
Let c(x) = -1207*x - 17434. What is c(-15)?
671
Let g(s) = -21*s**2 - 3888*s + 23499. Give g(-191).
6
Let j(k) = 12229*k + 36675. What is j(-3)?
-12
Let x(u) = -12*u**3 + 481*u**2 + 436*u + 618. Give x(41).
3
Let w(o) = 2*o**3 - 292*o**2 + 281*o + 1114. Determine w(145).
-191
Let q(h) = -11*h**3 - 16*h**2 - 47*h - 366. Determine q(-8).
4618
Let g(x) = -13*x**2 - 100*x - 315. Calculate g(-9).
-468
Let d(h) = 683*h + 5869. What is d(-11)?
-1644
Let m(j) = j**3 - 550*j**2 - 7890*j - 3424. What is m(564)?
-40
Let u(v) = 54*v**2 - 1353*v + 36. Determine u(25).
-39
Let g(f) = -9770*f**2 + 48863*f - 16. Give g(5).
49
Let w(r) = 177*r**2 - 25*r - 44. Give w(-2).
714
Let y(d) = -149*d + 10870. Give y(69).
589
Let j(k) = -6967*k + 104494. Determine j(15).
-11
Let q(l) = -l**3 - 63*l**2 + 55*l - 758. Calculate q(-64).
-182
Let h(o) = 3*o**2 + 2269227*o - 6807699. Determine h(3).
9
Let y(c) = 6839*c - 246166. What is y(36)?
38
Let b(j) = -2*j**3 - j**2 + 187*j + 545. Calculate b(-8).
9
Let s(z) = 22*z**3 + 16*z**2 + 48*z + 59. Give s(-3).
-535
Let n(x) = 14000*x - 97722. Give n(7).
278
Let g(q) = -42040*q + 126195. Give g(3).
75
Let x(i) = i**3 + 47*i**2 - 435*i - 3066. What is x(-54)?
12
Let v(l) = -l**3 + 323*l**2 - 1191*l + 73927. Calculate v(320).
7
Let f(d) = -132*d**2 - 650*d - 20. Calculate f(-5).
-70
Let c(d) = 2*d**2 + 77*d + 95. Calculate c(-30).
-415
Let w(y) = y**3 - 25*y**2 + 1113*y - 29675. Calculate w(26).
-61
Let t(c) = -2*c**3 - 9*c**2 - 66*c + 337. Give t(4).
-199
Let w(k) = -2247*k - 90740. Calculate w(-40).
-860
Let m(c) = c**3 + 106*c**2 - 187*c + 3201. Determine m(-108).
69
Let s(z) = 93*z + 15580. Calculate s(-185).
-1625
Let z(u) = -5*u**2 - 4726*u + 27582. Determine z(-951).
3
Let y(b) = -9775*b + 244478. Determine y(25).
103
Let s(z) = -1514*z - 76791. What is s(-49)?
-2605
Let j(n) = 4*n**3 - 36*n**2 + 78*n + 604. What is j(6)?
640
Let m(j) = 7*j**2 + 884*j + 23242. Give m(-89).
13
Let i(x) = -14*x**2 + 547*x + 560. What is i(-1)?
-1
Let b(t) = 2567*t + 68324. Give b(-27).
-985
Let a(l) = -2414*l - 19566. Give a(-8).
-254
Let n(u) = 6*u**3 - 247*u**2 - 6781*u + 67. Determine n(60).
7
Let r(q) = q**2 + 45*q - 2049. Calculate r(-75).
201
Let x(g) = 202*g + 48785. Determine x(-236).
1113
Let a(h) = h**2 - 59*h + 2091. Give a(23).
1263
Let w(j) = 227*j**2 + 53786*j - 3086. What is w(-237)?
-5
Let b(n) = -83*n**3 + 925*n**2 - 364*n + 2560. Determine b(11).
8
Let i(r) = 2*r**3 + 68*r**2 - 9234*r - 313968. Calculate i(-34).
-12
Let a(p) = 135828*p**2 - 814966*p - 13. What is a(6)?
-1
Let q(l) = 1661*l + 79743. What is q(-48)?
15
Let m(o) = 81*o**3 + 6*o**2 - 4*o. Determine m(-3).
-2121
Let i(v) = -12*v**2 + 1250*v + 3618. What is i(107)?
-20
Let q(z) = -5*z**3 - 5*z**2 + 131*z - 126. Determine q(1).
-5
Let j(i) = 2340*i - 33075. What is j(13)?
-2655
Let m(a) = -a**2 + 6786*a + 300496. Calculate m(-44).
-24
Let q(l) = 15*l**3 - 8205*l**2 + 23*l - 12513. Give q(547).
68
Let q(c) = -2009215*c + 6027637. What is q(3)?
-8
Let o(f) = 8*f**2 - 354*f - 128. Give o(45).
142
Let o(a) = -72095*a + 432557. What is o(6)?
-13
Let t(x) = -30980*x - 123933. What is t(-4)?
-13
Let b(p) = 2*p**2 + 219182*p + 18178324. Give b(-83).
-4
Let s(n) = n**3 + 1006*n - 7984. Calculate s(8).
576
Let k(f) = -17*f**2 - 2400*f - 912. Determine k(-141).
-489
Let y(w) = -w**3 - 544*w**2 - 1637*w - 38. Calculate y(-3).
4
Let t(c) = 21*c**2 + 17269*c + 102827. What is t(-6)?
-31
Let q(m) = 8*m**3 - 34*m**2 - 202*m + 947. Determine q(4).
107
Let j(b) = 13*b**2 + 7017*b + 12276. What is j(-538)?
-98
Let m(c) = 498*c - 78224. Calculate m(153).
-2030
Let h(x) = -x**2 + 840*x - 116380. Calculate h(175).
-5
Let v(t) = -132*t + 5842. What is v(40)?
562
Let l(r) = -1547*r + 13841. Calculate l(9).
-82
Let l(m) = -14*m**2 - 373*m - 2040. Give l(-19).
-7
Let a(d) = 7*d**2 - 1562*d + 85244. Give a(128).
-4
Let b(d) = d**3 - 345*d**2 + 6188*d + 1771. What is b(326)?
-185
Let c(s) = 6*s**3 - 2069*s**2 + 1660*s + 20629. What is c(344)?
-11
Let b(c) = c**3 - 21*c**2 + 183*c - 3703. Give b(22).
807
Let h(p) = -p**3 + 73*p**2 + 181*p + 3570. Determine h(76).
-2
Let x(m) = -3*m**3 - 766*m**2 - 258*m - 762. Calculate x(-255).
3
Let u(b) = -88*b**3 + 169*b**2 + 53*b - 100. Give u(2).
-22
Let u(c) = -51*c**2 + 4032*c + 400. What is u(79)?
637
Let h(w) = -1761*w - 18342. Calculate h(-10).
-732
Let b(a) = 256*a**2 + 71676*a - 1115. What is b(-280)?
5
Let g(u) = -4*u**3 + 471*u**2 + 5813*u - 1035. Calculate g(129).
-3
Let w(k) = 2302*k - 7564. Give w(3).
-658
Let j(p) = -141*p + 212. Determine j(-3).
635
Let f(h) = 26*h**2 - 907*h + 2440. Determine f(3).
-47
Let a(r) = 3*r**3 + 667*r**2 + 5356*r + 1355. What is a(-214)?
71
Let q(c) = -631*c - 59939. Determine q(-95).
6
Let k(r) = 49*r**2 - 408*r + 287. Give k(7).
-168
Let b(m) = 2995*m + 1889856. Determine b(-631).
11
Let d(v) = -84*v**2 + 4799*v - 633. Give d(57).
-6
Let y(z) = -13*z**2 + 3153*z - 1693. What is y(242)?
1
Let z(d) = -d**2 - 340628*d + 4. Calculate z(0).
4
Let c(w) = w**3 + 57*w**2 - 276*w - 5544. Determine c(-60).
216
Let u(l) = 74*l**3 + 750*l**2 + 629*l - 123. Determine u(-1).
-76
Let g(u) = u**3 + 141*u**2 + 262*u + 15922. Determine g(-140).
-1158
Let z(l) = 6*l**3 + 4*l**2 - 2897*l - 2898. Give z(-1).
-3
Let b(p) = 334943*p + 16412211. Give b(-49).
4
Let s(d) = d**3 - 103*d*